n factor of p and l?
18
Let q = -246 - -262. Let d(h) = -4*h + 11*h + 5*h - 4*h. Let n be d(1). What is the highest common divisor of n and q?
8
Suppose 2*z - 9 = -17, 5*x - 2*z - 8 = 0. Suppose x = 4*l + 367 - 1119. Calculate the highest common divisor of l and 47.
47
Let g be (-792)/(-78)*26/4. What is the highest common divisor of 4004 and g?
22
Let o(l) = 18*l - 39. Let f be o(12). Suppose c = 397 - f. Calculate the greatest common factor of c and 20.
20
Suppose 94*q - 5 = 92*q - y, -40 = -3*q + y. Suppose -10 = -2*b + 26. Calculate the greatest common factor of b and q.
9
Let f be -10*(156/(-15) - (21 - 25)). Calculate the highest common factor of f and 16.
16
Suppose -9 = -u - 5*x, 61 = 142*u - 138*u - 5*x. Let r be (-1449)/3*6/(-9). What is the highest common factor of r and u?
14
Let a(q) = -6*q**2 - 7*q - 3. Let r be a(-5). Let j = 2 - r. Let d be 1/((68/(-17))/(-60)). What is the greatest common divisor of d and j?
15
Let r(t) = 25*t**2 + 2*t - 25*t**2 + 0*t**3 - t**3. Let y be r(-3). Calculate the highest common factor of y and 35.
7
Suppose -4*p + 5*z = 244, 12*z - 96 = 2*p + 16*z. Let g = -33 - p. Suppose 636 - 130 = 2*y. What is the greatest common factor of y and g?
23
Suppose 0 = t - 4*n - 308, 23*t + 556 = 25*t + 4*n. Let f be (4 + 0)*(8 + 0). Calculate the greatest common factor of t and f.
32
Suppose 989 = 5*j + 794. Let n = 757 - 328. Calculate the greatest common factor of n and j.
39
Suppose -39*q + 545 = 77. What is the greatest common divisor of q and 208?
4
Suppose -3*w - 12 = -3*n, -n = 3*n + w - 6. Suppose 5*o + h - 58 = n*o, -2*o - 4*h = -32. Let g = 28 - o. Calculate the highest common divisor of g and 64.
8
Let i(u) = -u**2 + 7*u + 20. Let t be i(9). Suppose 7*k + 3*a = t*k + 290, -4*a - 145 = -3*k. What is the greatest common factor of k and 55?
55
Let l(n) = -3*n - 5. Let z(k) = 3*k**2 + 10*k + 4. Let d be z(-4). Let r be l(d). Let v = -17 - r. Calculate the greatest common divisor of v and 3.
3
Let k = 100156 + -17212. What is the greatest common factor of 12 and k?
12
Suppose -4*u + 4*x = 5*x + 415, 2*u + 2*x + 200 = 0. Let m = 109 + -103. Let g be (306/(-15))/(7/(u/m)). Calculate the highest common factor of g and 153.
51
Suppose 3*p - 1128 = -5*z, -p - 130*z = -129*z - 372. Calculate the highest common factor of p and 12.
6
Let f = 74 - 20. Suppose -11*j + 1512 = 4*y - 16*j, 0 = -2*y + 3*j + 756. What is the highest common factor of y and f?
54
Let x(j) = 149*j - 3573. Let b be x(24). Let w = 46 + -28. Let a be (w - (1 + 2))/1. What is the greatest common factor of a and b?
3
Let u(s) = 124*s - 4350. Let w be u(37). Calculate the greatest common factor of w and 9401.
119
Let y be 1/1 - (-104)/8*31. Let s = -212 + y. Calculate the highest common factor of s and 24.
24
Let k be ((1*-7)/(52/(-234)))/((-12)/(-32)). What is the greatest common factor of 1932 and k?
84
Suppose 1 = 5*j - 3*k, 3*j + 6 = -4*k + 8*k. Suppose y = 2*m - 299, -4*y + 57 = j*m - 217. What is the greatest common divisor of m and 21?
21
Suppose 2*d = 2*d - 2*d + 12684. What is the highest common divisor of 21 and d?
21
Let u be ((-684)/42)/(100/(-560)*(-9)/(-15)). What is the greatest common factor of u and 46?
2
Suppose 3*c - 4 = 5. Suppose -89 = -3*s - c*y - 26, -2*y = -4. Calculate the greatest common factor of s and 703.
19
Suppose 0 = 3*j - 114 - 174. Let z(x) = -62*x**3 + 21*x**2 + 22*x + 3. Let t be z(-1). What is the greatest common factor of t and j?
32
Suppose 9*h - 106470 = -36*h - 25*h. Calculate the highest common divisor of h and 117.
117
Suppose 2*x = -10, 20 = -5*z + 219*x - 224*x. What is the highest common factor of 733 and z?
1
Let i be 257 - (-9 + 13 - (2 + 1)). Let f = i - 141. Let t = 78 - 32. Calculate the greatest common divisor of t and f.
23
Suppose 2161 = 15*o + 256. Suppose 11*t - 159 = o. Let v = -152 - -256. What is the highest common factor of v and t?
26
Let j(m) = -m**3 + 24*m**2 - 5*m + 2. Let q = -33 - -51. Let t be j(q). Suppose 5*y + 3*y = t. What is the highest common factor of 29 and y?
29
Suppose 0 = 3*f - 4*g - 632, 5*g + 9 = -1. Calculate the highest common factor of f and 48.
16
Let w(q) = q**3 + 44*q**2 + 163*q - 22. Let k be w(-22). Calculate the highest common divisor of k and 55.
55
Let s be (-3701052)/(-567) + (-3 - 50/(-14)). Calculate the greatest common divisor of 204 and s.
204
Suppose 2*g + v - 773 = 0, 3*g - 5*v - 972 = 168. Calculate the highest common factor of 1120 and g.
35
Let x(q) = 129*q**3 + 9*q**2 - 31*q - 42. Let j be x(4). What is the highest common divisor of j and 46?
46
Let q = 18268 - 13175. Calculate the greatest common factor of 22 and q.
11
Suppose 3*v + 20 = -5*i, 5*i - 3*v + 23 = -27. Let t(s) = -13*s + 54. Let z be t(i). Calculate the greatest common factor of 29 and z.
29
Suppose -154963 - 719405 = -207*h. What is the highest common divisor of h and 880?
176
Suppose 0 = -3*f + 21*w - 17*w + 2076, 0 = -5*f - w + 3414. Calculate the greatest common factor of f and 9.
9
Suppose 5*c - 41 = -6. Suppose 3*z + 4*n - 317 = 0, z - 8 = 5*n + 66. Let o = z - 85. Calculate the highest common divisor of c and o.
7
Let r = 8443 - 8425. What is the highest common divisor of r and 88?
2
Let i = -3253 - -3271. Calculate the highest common divisor of 3573 and i.
9
Let l be (7*-1)/(((-200)/(-96))/(-25)). Calculate the greatest common divisor of 2324 and l.
28
Let a be (-24154728)/(-2808) + (-2)/18. Calculate the highest common divisor of a and 46.
46
Suppose 0 = 18*t + 1666 - 4006. What is the highest common factor of 4030 and t?
130
Let y(o) = 8*o**2 - 7*o - 4. Let h be y(-2). Let s = -252 + 294. What is the highest common factor of h and s?
42
Suppose 5*h - 5*m = 695, 4*h + 5*m = 312 + 208. Suppose h = -18*j + 279. Calculate the greatest common divisor of j and 88.
8
Let t = -279 + 146. Let j = t - -135. Suppose x = -3*d + 131, -j*d - 2*x = -108 + 26. Calculate the highest common divisor of 3 and d.
3
Let p be (-151)/3*(12 + -13 + -2). Let q = -120 + p. What is the highest common divisor of q and 217?
31
Suppose 34*d - 29*d = -3*o + 463, 5*d - 459 = o. Calculate the highest common divisor of 9844 and d.
92
Let c(q) be the second derivative of 5*q**5/4 + q**3/2 - q**2/2 - 25*q + 1. Let n be c(1). Calculate the highest common divisor of 54 and n.
27
Suppose -7029*n + 7084*n - 11660 = 0. Let v = -36 + 40. Calculate the highest common factor of n and v.
4
Let r(d) = 1420*d - 2799. Let f be r(2). What is the highest common divisor of f and 1763?
41
Let w = -11804 - -11810. What is the highest common divisor of w and 16?
2
Let p be (-350465)/(-261) - 12/(-54). Calculate the highest common divisor of p and 85.
17
Let o be -8*(12/(-2) + 2). Suppose 4*w + 54 = 5*u + 4564, 4*w = -u + 4474. Calculate the greatest common divisor of w and o.
32
Let n be (-7)/(63/114)*3. Let k = -35 - n. Suppose 3 = -3*a - k, 5*a - 28 = -2*p. What is the greatest common factor of p and 95?
19
Let s(m) = 2*m**2 + 2*m - 3. Let d be s(2). Suppose 27 = -0*y + d*y. Let i be (y - (-62)/(-2))*-1. What is the highest common factor of i and 7?
7
Suppose 5*l - 3*t = 30, -2*l = -3*t - 0*t - 12. Let d be l/(((-32)/12)/(-8)). Calculate the highest common factor of d and 2.
2
Suppose k = x + 53, -6*k + 550 = 4*x + 192. What is the highest common divisor of k and 10222?
19
Let r(l) = -6*l**2 - 81*l - 3. Let y be r(-13). Let q = 3 - -3. Suppose -q = -f + 48. Calculate the highest common divisor of y and f.
18
Let z = -715 + 718. Suppose 2*w = z*x + 79, -2*w = -x - 4*x - 89. Calculate the greatest common divisor of w and 20.
4
Let w = 2985 - 2967. What is the greatest common divisor of 7 and w?
1
Let l = 212247 + -212102. Let x = -144 - 0. Let i be x/(-5) + (-2)/(-10). Calculate the greatest common divisor of i and l.
29
Suppose -38 = -p + 136. Calculate the highest common divisor of p and 48.
6
Let p(z) = -77*z**3 + z**2. Let o be p(1). Let n = -46 - o. Let a be (-24)/14*(-84)/(-72)*-105. What is the highest common factor of a and n?
30
Let i be 8/(-18) - (-56420)/585. What is the greatest common divisor of i and 1568?
32
Let g(n) = 3*n**2 + 37*n - 14. Let l be g(-13). Suppose l*f = 14*f - 4. Calculate the highest common factor of 26 and f.
2
Let d(o) = 3*o**2 - o + 1. Let c be d(1). Let b = 0 + c. Suppose 3*u + 19 = -2*k + 